
What is the greatest common factor of 108 and 144?
36
Calculate the highest common divisor of 798 and 513.
57
What is the highest common divisor of 816 and 688?
16
Calculate the highest common divisor of 470 and 30.
10
Calculate the highest common divisor of 2850 and 90.
30
Calculate the highest common factor of 330 and 154.
22
Calculate the greatest common divisor of 245 and 147.
49
Calculate the highest common divisor of 888 and 24.
24
Calculate the greatest common divisor of 8 and 53.
1
What is the highest common divisor of 12 and 1572?
12
What is the highest common divisor of 2628 and 18?
18
Calculate the greatest common divisor of 20 and 45.
5
Calculate the highest common divisor of 136 and 884.
68
Calculate the highest common divisor of 84 and 21.
21
What is the highest common factor of 45 and 105?
15
Calculate the greatest common factor of 33 and 715.
11
What is the highest common factor of 20 and 1130?
10
What is the greatest common divisor of 175 and 25?
25
What is the greatest common factor of 511 and 292?
73
What is the highest common divisor of 160 and 1632?
32
What is the greatest common divisor of 365 and 146?
73
Calculate the highest common factor of 1320 and 154.
22
What is the greatest common factor of 51 and 1581?
51
Calculate the highest common divisor of 6 and 174.
6
What is the greatest common divisor of 26162 and 254?
254
Calculate the highest common factor of 126 and 6363.
63
What is the highest common divisor of 6 and 200?
2
Calculate the highest common divisor of 2159 and 85.
17
Calculate the highest common factor of 24 and 138.
6
Calculate the greatest common factor of 4758 and 78.
78
Calculate the highest common factor of 27 and 99.
9
Calculate the highest common divisor of 2445 and 45.
15
Calculate the highest common divisor of 1155 and 165.
165
Calculate the greatest common divisor of 561 and 102.
51
What is the highest common factor of 59 and 15753?
59
Calculate the highest common divisor of 49 and 1561.
7
What is the highest common divisor of 2832 and 120?
24
What is the greatest common divisor of 114 and 1311?
57
What is the highest common factor of 756 and 154?
14
What is the highest common divisor of 13199 and 394?
197
What is the highest common factor of 32 and 16?
16
Calculate the greatest common divisor of 16 and 20600.
8
Calculate the greatest common divisor of 390 and 10608.
78
Calculate the highest common factor of 84 and 18.
6
Calculate the highest common divisor of 188 and 44556.
188
Calculate the greatest common divisor of 12 and 48.
12
Calculate the greatest common factor of 11 and 3421.
11
Calculate the greatest common divisor of 1111 and 165.
11
What is the highest common divisor of 8 and 68?
4
Calculate the greatest common factor of 33 and 286.
11
Calculate the greatest common factor of 936 and 900.
36
Calculate the highest common divisor of 61 and 16897.
61
What is the highest common divisor of 81 and 5913?
81
Calculate the greatest common factor of 6682 and 26.
26
Calculate the greatest common factor of 39 and 109941.
39
What is the highest common divisor of 172 and 1118?
86
Calculate the highest common factor of 110 and 275.
55
What is the greatest common divisor of 2470 and 380?
190
Calculate the highest common divisor of 5 and 10050.
5
What is the highest common factor of 392 and 161?
7
What is the highest common divisor of 345 and 23?
23
What is the greatest common factor of 69240 and 120?
120
Calculate the highest common factor of 12 and 588.
12
Calculate the highest common factor of 1492 and 12.
4
What is the greatest common divisor of 8 and 316?
4
Calculate the highest common divisor of 3835 and 91.
13
Calculate the highest common divisor of 817 and 86.
43
What is the greatest common factor of 10 and 1045?
5
Calculate the greatest common factor of 85 and 493.
17
Calculate the greatest common divisor of 152 and 19.
19
What is the greatest common factor of 27 and 54?
27
What is the highest common divisor of 13230 and 30?
30
Calculate the highest common divisor of 145 and 10092.
29
What is the highest common factor of 164 and 205?
41
What is the highest common divisor of 900 and 60?
60
Calculate the highest common factor of 125 and 17675.
25
What is the highest common divisor of 81 and 225?
9
Calculate the highest common divisor of 3588 and 120.
12
What is the greatest common factor of 722 and 152?
38
What is the highest common divisor of 3234 and 330?
66
Calculate the greatest common divisor of 72 and 198.
18
What is the greatest common divisor of 44 and 396?
44
What is the highest common factor of 2 and 29?
1
Calculate the greatest common factor of 56 and 532.
28
Calculate the greatest common factor of 92 and 414.
46
What is the highest common divisor of 20 and 32?
4
Calculate the highest common divisor of 18 and 6.
6
Calculate the greatest common divisor of 98 and 6.
2
Calculate the greatest common factor of 17 and 2890.
17
What is the highest common factor of 26 and 221?
13
What is the highest common divisor of 4 and 168?
4
Calculate the greatest common factor of 517 and 44.
11
What is the greatest common divisor of 33 and 22?
11
What is the highest common divisor of 2265 and 60?
15
What is the greatest common divisor of 89 and 89?
89
Calculate the highest common factor of 4 and 28536.
4
Calculate the greatest common divisor of 31275 and 675.
225
Calculate the greatest common factor of 6 and 102.
6
What is the greatest common divisor of 68 and 34?
34
What is the greatest common factor of 21 and 168?
21
What is the greatest common factor of 240 and 1360?
80
What is the highest common factor of 3479 and 639?
71
What is the highest common factor of 184 and 568?
8
What is the highest common factor of 675 and 180?
45
Calculate the greatest common factor of 868 and 252.
28
What is the greatest common factor of 55 and 121?
11
Calculate the highest common divisor of 3861 and 156.
39
What is the highest common divisor of 38 and 8?
2
What is the greatest common divisor of 19 and 608?
19
Calculate the highest common divisor of 4335 and 30.
15
What is the greatest common factor of 84 and 2100?
84
What is the greatest common factor of 45577 and 238?
119
What is the greatest common factor of 1328 and 24?
8
Calculate the greatest common divisor of 34 and 2125.
17
What is the highest common divisor of 15 and 15?
15
What is the highest common divisor of 342 and 76?
38
What is the highest common divisor of 3070 and 10?
10
What is the highest common divisor of 365 and 949?
73
What is the highest common factor of 55 and 3465?
55
Calculate the highest common factor of 12 and 213.
3
Calculate the greatest common factor of 43 and 28208.
43
What is the highest common divisor of 9 and 13887?
9
What is the highest common divisor of 2691 and 2277?
207
Calculate the greatest common factor of 20 and 3940.
20
What is the highest common factor of 145 and 28710?
145
What is the greatest common divisor of 2202 and 6?
6
What is the greatest common divisor of 4983 and 33?
33
Calculate the greatest common divisor of 75043 and 101.
101
What is the highest common divisor of 2904 and 605?
121
Calculate the greatest common factor of 621 and 138.
69
Calculate the greatest common divisor of 5 and 320.
5
What is the greatest common factor of 85 and 1649?
17
Calculate the highest common factor of 8 and 136.
8
What is the greatest common factor of 795 and 265?
265
What is the highest common factor of 2616 and 168?
24
Calculate the greatest common factor of 1065 and 4.
1
Calculate the greatest common divisor of 4 and 6.
2
What is the greatest common factor of 276 and 9453?
69
Calculate the highest common divisor of 9 and 1530.
9
Calculate the highest common factor of 1406 and 19.
19
What is the highest common factor of 722 and 209?
19
What is the greatest common factor of 129 and 5375?
43
What is the highest common factor of 192 and 6?
6
Calculate the highest common divisor of 1 and 4.
1
What is the greatest common divisor of 84 and 70?
14
Calculate the greatest common divisor of 27 and 72.
9
What is the greatest common divisor of 170 and 578?
34
What is the highest common factor of 24626 and 14?
14
What is the highest common factor of 346 and 2?
2
What is the greatest common factor of 875 and 775?
25
What is the highest commo